54 a factor of 120618036?
True
Does 46 divide 590423432?
True
Is 49748027 even?
False
Is 104933220 a multiple of 60?
True
Does 12 divide 813882933?
False
Is 639492208 a multiple of 328?
False
Is 3 a factor of 13048156?
False
Is 7014306 a multiple of 193?
False
Does 19 divide 16091404?
True
Is 15627904 a multiple of 66?
False
Is 18 a factor of 434441412?
True
Is 54082968 a multiple of 12?
True
Does 411 divide 191379004?
False
Is 91 a factor of 202657?
True
Is 4 a factor of 227685?
False
Is 60312240 a multiple of 48?
True
Does 110 divide 20333562?
False
Is 270851847 a multiple of 2373?
True
Is 7731587 a multiple of 1252?
False
Is 8843509 a multiple of 3?
False
Is 95176890 a multiple of 270?
True
Does 251 divide 46527633?
False
Is 2277395727 a multiple of 691?
True
Is 14747214 a multiple of 60?
False
Does 545 divide 304325057?
False
Is 5 a factor of 128031451?
False
Does 193 divide 317672251?
False
Is 121026252 a multiple of 258?
True
Is 47 a factor of 1075744844?
False
Is 106 a factor of 2058324960?
True
Is 43 a factor of 1717983042?
True
Is 1596624 even?
True
Is 154478641 a multiple of 7?
False
Is 261 a factor of 52037460?
False
Does 33 divide 102010887?
True
Is 10 a factor of 33466444?
False
Is 172768728 a multiple of 290?
False
Does 12 divide 22784040?
True
Is 1069528515 a multiple of 55?
True
Does 225 divide 26579314?
False
Is 3743337326 a multiple of 409?
True
Is 182538819 a multiple of 279?
True
Is 98268540 a multiple of 610?
False
Does 37 divide 1281159063?
False
Does 33 divide 10889772?
False
Is 144936704 a multiple of 22?
True
Is 114664575 a multiple of 647?
True
Does 733 divide 192894026?
False
Is 235257760 a multiple of 16?
True
Is 31147800 a multiple of 8?
True
Does 183 divide 16733520?
True
Is 40397514 a multiple of 101?
False
Is 71 a factor of 41508659?
True
Is 1139416320 a multiple of 1552?
True
Is 33514150 a multiple of 229?
True
Is 233753884 a multiple of 38?
True
Does 263 divide 246788417?
True
Is 3313108608 a multiple of 16?
True
Does 641 divide 92482198?
True
Is 287835338 a multiple of 14?
True
Does 1267 divide 693203574?
True
Is 129 a factor of 385636857?
True
Does 303 divide 38550387?
True
Is 11075011 a multiple of 71?
False
Does 10 divide 3650819886?
False
Is 117 a factor of 1635844?
False
Is 8 a factor of 64714360?
True
Is 64 a factor of 62981504?
True
Does 436 divide 22163188?
True
Is 45 a factor of 26896050?
True
Is 50 a factor of 2433895?
False
Does 3677 divide 1824018624?
False
Is 54820836 a multiple of 14?
True
Is 11 a factor of 127899497?
True
Is 1428701488 a multiple of 2162?
True
Is 2394460678 a multiple of 3841?
False
Is 1991 a factor of 22095800?
False
Is 484371560 a multiple of 20?
True
Is 212 a factor of 13879428?
True
Does 951 divide 602660112?
True
Is 88 a factor of 971501608?
True
Is 20372085 a multiple of 285?
True
Is 32343476 a multiple of 1972?
False
Is 669618324 a multiple of 14829?
True
Does 7 divide 66416847?
True
Is 16581382 a multiple of 22?
False
Is 219 a factor of 5219646?
True
Is 14 a factor of 36144036?
False
Is 613994499 a multiple of 603?
True
Is 22611958 a multiple of 75?
False
Is 39844391 a multiple of 9?
False
Is 259860521 a multiple of 373?
True
Is 101 a factor of 725519245?
False
Is 30 a factor of 741278545?
False
Is 969162033 a multiple of 18?
False
Does 154 divide 384608332?
False
Does 14 divide 16248750?
True
Is 10 a factor of 147880800?
True
Does 1058 divide 26268024?
True
Is 44132792 a multiple of 290?
False
Does 15 divide 1213228290?
True
Does 13 divide 24263912?
False
Is 276 a factor of 2695035672?
True
Is 45489950 a multiple of 146?
True
Does 20 divide 64852320?
True
Does 26 divide 30389918?
True
Is 39513357 a multiple of 19?
False
Does 273 divide 38556670?
False
Is 136479624 a multiple of 716?
True
Does 9 divide 9842?
False
Is 19 a factor of 118086577?
True
Is 78211632 a multiple of 16?
True
Is 64888902 a multiple of 78?
True
Does 2011 divide 9226978?
False
Is 8145 a factor of 57845790?
True
Does 51 divide 29205762?
True
Is 524166746 a multiple of 34?
True
Is 8 a factor of 503491715?
False
Is 4470691 a multiple of 547?
False
Is 3 a factor of 2010699?
True
Is 2374063129 a multiple of 247?
False
Is 405707280 a multiple of 182?
False
Is 87954300 a multiple of 276?
True
Is 161771150 a multiple of 5959?
False
Is 45515000 a multiple of 467?
False
Does 13 divide 11564756?
False
Is 6205 a factor of 3417739605?
False
Does 3013 divide 812672386?
True
Does 2181 divide 3245328?
True
Is 63 a factor of 7700154?
False
Is 7098 a factor of 941854914?
True
Is 71 a factor of 29423252?
True
Is 13 a factor of 2527385588?
True
Is 14 a factor of 39118576?
True
Does 563 divide 10146386?
True
Is 3800608 a multiple of 376?
True
Is 1704827625 a multiple of 15?
True
Is 1411988664 a multiple of 33?
False
Does 11 divide 210507198?
True
Does 985 divide 128811406?
False
Is 236 a factor of 1952428?
True
Is 394333552 a multiple of 2231?
False
Does 269 divide 468514341?
True
Is 337243411 a multiple of 94?
False
Does 25 divide 218687491?
False
Does 33 divide 309272784?
False
Is 1292 a factor of 279698249?
False
Is 15775397 a multiple of 4?
False
Is 32 a factor of 40514476?
False
Does 115 divide 2700152204?
False
Does 502 divide 1868620704?
True
Is 509 a factor of 9901068?
True
Does 21 divide 3976769370?
True
Is 332955727 a multiple of 13?
True
Does 60 divide 4057339?
False
Is 62 a factor of 291588641?
False
Is 174 a factor of 381811?
False
Does 5734 divide 429872246?
True
Does 413 divide 1903730934?
True
Is 431 a factor of 477738890?
False
Is 253490028 a multiple of 12?
True
Is 1410 a factor of 489575970?
True
Is 1006 a factor of 13634318?
True
Does 16 divide 69580905?
False
Is 4378 a factor of 111914814?
True
Is 470625712 a multiple of 231?
False
Is 2044 a factor of 532425828?
False
Is 7 a factor of 11165749?
True
Is 1336 a factor of 92791880?
True
Does 2 divide 20041054?
True
Does 1388 divide 40891868?
True
Is 17 a factor of 2677263777?
False
Is 966 a factor of 18273822?
True
Is 14 a factor of 56172895?
False
Does 2223 divide 743911389?
True
Is 21789906 a multiple of 248?
False
Is 8411 a multiple of 13?
True
Is 5952001 a multiple of 152?
False
Is 49 a factor of 120411424?
True
Is 985 a factor of 10979795?
True
Does 111 divide 41993216?
False
Is 27929853 even?
False
Does 24 divide 160577952?
True
Is 80 a factor of 616677280?
True
Is 26 a factor of 231952682?
True
Is 46 a factor of 5048910311?
False
Is 14 a factor of 12306367?
False
Is 159 a factor of 106612680?
True
Is 4360823040 a multiple of 8960?
True
Is 183222468 a multiple of 11?
True
Is 3904 a factor of 1782643743?
False
Does 252 divide 10293962?
False
Does 23 divide 32693560?
False
Does 1168 divide 68651536?
True
Is 206 a factor of 20437384?
False
Is 10642633 a multiple of 47?
True
Does 89 divide 14315905?
False
Is 3063302548 a multiple of 66?
False
Is 259 a factor of 306942195?
True
Is 77 a factor of 39641525?
True
Is 37 a factor of 7488319?
True
Is 445 a factor of 195232180?
True
Is 60 a factor of 637298100?
True
Is 22 a factor of 178453919?
False
Is 8 a factor of 432937149?
False
Is 133403366 a multiple of 16?
False
Does 32 divide 61003584?
True
Is 504934 a multiple of 17?
True
Is 190910305 a multiple of 2981?
False
Does 12 divide 129709716?
True
Does 21 divide 3569636700?
True
Does 8950 divide 1736783300?
True
Is 103 a factor of 1851943654?
False
Does 24 divide 77411664?
True
Does 63 divide 39558141?
True
Does 167 divide 218406964?
False
Is 376 a factor of 189134414?
False
Is 243352893 a multiple of 33?
False
Is 136 a factor of 6886597799?
False
Does 2197 divide 291283585?
False
Is 1233 a factor of 14924093?
False
Is 2581 a factor of 1023459276?
False
Does 47 divide 635600935?
False
Is 39083447 a multiple of 229?
False
Does 5 divide 2405425?
True
Is 324 a factor of 21306240?
True
Is 17507270 a multiple of 8?
False
Does 33 divide 364122462?
True
Does 7 divide 3668013?
False
Is 57970017 a multiple of 791?
True
Is 48029762 a multiple of 1712?
False
Is 1117 a factor of 778242005?
False
Is 44 a factor of 18161148?
False
Does 1782 divide 32837495?
False
Does 95 divide 102181620?
True
Is 1569 a factor of 197242128?
True
Is 663 a factor of 1015813461?
True
Does 10 divide 3962340?
True
Does 237 divide 10349799?
False
Does 8 divide 12553371?
False
Does 1302 